{"id":80,"date":"2022-06-23T11:10:10","date_gmt":"2022-06-23T09:10:10","guid":{"rendered":"https:\/\/capdagir.org\/?page_id=80"},"modified":"2025-07-03T13:06:14","modified_gmt":"2025-07-03T11:06:14","slug":"lassociation","status":"publish","type":"page","link":"https:\/\/capdagir.org\/index.php\/lassociation","title":{"rendered":"Nous conna\u00eetre"},"content":{"rendered":"\n<div class=\"wp-block-columns is-layout-flex wp-container-core-columns-is-layout-7387b849 wp-block-columns-is-layout-flex\">\n<div class=\"wp-block-column is-layout-flow wp-block-column-is-layout-flow\">\n<p class=\"wp-block-paragraph\" style=\"font-size:16px\">Cap d&rsquo;Agir a pour objet la lutte et la pr\u00e9vention des violences faites aux enfants. C&rsquo;est une association coll\u00e9giale d&rsquo;<strong>\u00c9ducation Populaire<\/strong> cr\u00e9\u00e9e en 2019 \u00e0 Toulouse. L\u2019association rassemble des personnes anim\u00e9\u00b7es par la volont\u00e9 de transmettre aux enfants des outils pour se prot\u00e9ger et se d\u00e9fendre face aux violences.<\/p>\n\n\n\n<div class=\"wp-block-columns is-layout-flex wp-container-core-columns-is-layout-7387b849 wp-block-columns-is-layout-flex\">\n<div class=\"wp-block-column is-layout-flow wp-block-column-is-layout-flow\" style=\"flex-basis:55%\">\n<figure class=\"wp-block-image alignwide size-large\"><img loading=\"lazy\" decoding=\"async\" width=\"1024\" height=\"683\" src=\"https:\/\/capdagir.org\/wp-content\/uploads\/2022\/10\/IMG_5732flou-2-1024x683.jpg\" alt=\"\" class=\"wp-image-241\" srcset=\"https:\/\/capdagir.org\/wp-content\/uploads\/2022\/10\/IMG_5732flou-2-1024x683.jpg 1024w, https:\/\/capdagir.org\/wp-content\/uploads\/2022\/10\/IMG_5732flou-2-300x200.jpg 300w, https:\/\/capdagir.org\/wp-content\/uploads\/2022\/10\/IMG_5732flou-2-768x512.jpg 768w, https:\/\/capdagir.org\/wp-content\/uploads\/2022\/10\/IMG_5732flou-2-1536x1024.jpg 1536w, https:\/\/capdagir.org\/wp-content\/uploads\/2022\/10\/IMG_5732flou-2-2048x1365.jpg 2048w\" sizes=\"auto, (max-width: 1024px) 100vw, 1024px\" \/><\/figure>\n<\/div>\n\n\n\n<div class=\"wp-block-column is-layout-flow wp-block-column-is-layout-flow\" style=\"flex-basis:28%\">\n<p class=\"has-text-align-left wp-block-paragraph\">L\u2019association pratique une <strong>pr\u00e9vention primaire<\/strong>, elle cherche \u00e0 agir en amont pour r\u00e9duire les risques avant que les violences ne se produisent. Notre approche s\u2019appuie sur des outils d\u2019<strong>autod\u00e9fense f\u00e9ministe<\/strong>, qui permettent d\u2019accro\u00eetre la confiance en soi, la capacit\u00e9 d\u2019agir et la solidarit\u00e9 face aux violences.<\/p>\n<\/div>\n<\/div>\n\n\n\n<ul class=\"wp-block-list\">\n<li>Nous proposons un <strong>programme de pr\u00e9vention<\/strong> destin\u00e9 aux \u00e9coles, centres sociaux, et autres structures accueillant des enfants. L\u2019objectif est d\u2019aider les enfants \u00e0 identifier et se prot\u00e9ger contre toutes formes de violences, qu\u2019elles soient physiques, psychologiques ou sexuelles.<\/li>\n\n\n\n<li>Convaincue que la pr\u00e9vention doit mobiliser toute la <strong>communaut\u00e9 \u00e9ducative<\/strong>, Cap d&rsquo;Agir organise des ateliers \u00e0 destination des professionnel\u00b7les de l\u2019enfance, des familles et des enfants eux-m\u00eames. Ces ateliers favorisent une culture commune de pr\u00e9vention, d\u00e9veloppent des r\u00e9seaux de solidarit\u00e9 et outillent les adultes pour mieux accompagner les enfants.<\/li>\n<\/ul>\n\n\n\n<p class=\"wp-block-paragraph\">En plus de son programme de pr\u00e9vention, l&rsquo;association propose aussi des formations \u00e0 destination des professionnel\u00b7les de l&rsquo;enfance et des associations en lien avec ces th\u00e9matiques.<\/p>\n\n\n\n<hr class=\"wp-block-separator has-alpha-channel-opacity\"\/>\n\n\n\n<p class=\"wp-block-paragraph\">Avec ces formations, l&rsquo;association vise \u00e0 mobiliser l&rsquo;ensemble des acteurs et actrices de l&rsquo;enfance et ainsi \u00e0 augmenter notre capacit\u00e9 \u00e0 agir ensemble.<\/p>\n\n\n\n<p class=\"has-text-align-center has-luminous-vivid-orange-color has-text-color has-link-color wp-elements-7573df5994fd63bf41e229e8ab2eb319 wp-block-paragraph\" style=\"font-size:20px\"><em><strong>CAR ensemble nous sommes tous-tes Fort\u00b7es face aux Violences !<\/strong><\/em><\/p>\n<\/div>\n<\/div>\n\n\n\n<p class=\"wp-block-paragraph\"><\/p>\n","protected":false},"excerpt":{"rendered":"<p>Cap d&rsquo;Agir a pour objet la lutte et la pr\u00e9vention des violences faites aux enfants. C&rsquo;est une association coll\u00e9giale d&rsquo;\u00c9ducation Populaire cr\u00e9\u00e9e en 2019 \u00e0 Toulouse. L\u2019association rassemble des personnes anim\u00e9\u00b7es par la volont\u00e9 de transmettre aux enfants des outils<\/p>\n","protected":false},"author":1,"featured_media":0,"parent":0,"menu_order":0,"comment_status":"closed","ping_status":"closed","template":"","meta":{"_crdt_document":"","footnotes":""},"class_list":["post-80","page","type-page","status-publish","hentry"],"_links":{"self":[{"href":"https:\/\/capdagir.org\/index.php\/wp-json\/wp\/v2\/pages\/80","targetHints":{"allow":["GET"]}}],"collection":[{"href":"https:\/\/capdagir.org\/index.php\/wp-json\/wp\/v2\/pages"}],"about":[{"href":"https:\/\/capdagir.org\/index.php\/wp-json\/wp\/v2\/types\/page"}],"author":[{"embeddable":true,"href":"https:\/\/capdagir.org\/index.php\/wp-json\/wp\/v2\/users\/1"}],"replies":[{"embeddable":true,"href":"https:\/\/capdagir.org\/index.php\/wp-json\/wp\/v2\/comments?post=80"}],"version-history":[{"count":34,"href":"https:\/\/capdagir.org\/index.php\/wp-json\/wp\/v2\/pages\/80\/revisions"}],"predecessor-version":[{"id":775,"href":"https:\/\/capdagir.org\/index.php\/wp-json\/wp\/v2\/pages\/80\/revisions\/775"}],"wp:attachment":[{"href":"https:\/\/capdagir.org\/index.php\/wp-json\/wp\/v2\/media?parent=80"}],"curies":[{"name":"wp","href":"https:\/\/api.w.org\/{rel}","templated":true}]}}