{"id":663,"date":"2025-06-02T14:47:03","date_gmt":"2025-06-02T12:47:03","guid":{"rendered":"https:\/\/capdagir.org\/?page_id=663"},"modified":"2025-06-23T21:20:39","modified_gmt":"2025-06-23T19:20:39","slug":"nous-faire-intervenir","status":"publish","type":"page","link":"https:\/\/capdagir.org\/index.php\/nous-faire-intervenir","title":{"rendered":"Interventions"},"content":{"rendered":"\n<div style=\"height:23px\" aria-hidden=\"true\" class=\"wp-block-spacer\"><\/div>\n\n\n\n<p class=\"has-text-align-center has-text-color has-link-color wp-elements-c7cde092bcc341f928592096753b770f wp-block-paragraph\" style=\"color:#ee7155;font-size:17px;font-style:normal;font-weight:600\">Vous accompagnez des enfants au quotidien ? Vous travaillez dans un \u00e9tablissement scolaire, un centre de loisirs, une association ou un autre lieu de vie avec des enfants ?<\/p>\n\n\n\n<div style=\"height:10px\" aria-hidden=\"true\" class=\"wp-block-spacer\"><\/div>\n\n\n\n<p class=\"has-text-align-center has-medium-font-size wp-block-paragraph\" style=\"font-style:italic;font-weight:700\"><strong>D\u00e9couvrez comment CAP d\u2019Agir peut intervenir aupr\u00e8s de votre structure<\/strong><\/p>\n\n\n\n<div style=\"height:43px\" aria-hidden=\"true\" class=\"wp-block-spacer\"><\/div>\n\n\n\n<p class=\"has-medium-font-size wp-block-paragraph\">CAP d\u2019Agir propose deux types d\u2019actions diff\u00e9rentes :<\/p>\n\n\n\n<details class=\"wp-block-details is-layout-flow wp-block-details-is-layout-flow\"><summary><strong>Formations sp\u00e9cifiques pour les professionnel\u00b7le\u00b7s de l&rsquo;education<\/strong><\/summary>\n<p class=\"wp-block-paragraph\">Nos formations s\u2019adressent \u00e0 divers professionnel\u00b7le\u00b7s de l\u2019enfance et de la jeunesse, et peuvent \u00eatre adapt\u00e9es selon les r\u00e9alit\u00e9s et les besoins de chaque milieu d\u2019intervention : <\/p>\n\n\n\n<ul class=\"wp-block-list\">\n<li>Les enseignantes du 1er et 2\u00e9me degr\u00e9<\/li>\n\n\n\n<li>Les personnels scolaires sp\u00e9cialis\u00e9s<\/li>\n\n\n\n<li>Les animateur-trice-s professionnels en formations CP JEPS, BP JEPS<\/li>\n\n\n\n<li>Les associations qui ouvrent dans le champ de l&rsquo;\u00e9ducation <\/li>\n\n\n\n<li>Les associations qui luttent contre les violences faites aux femmes, aux minorit\u00e9s de genre et aux enfants.<\/li>\n<\/ul>\n<\/details>\n\n\n\n<div style=\"height:16px\" aria-hidden=\"true\" class=\"wp-block-spacer\"><\/div>\n\n\n\n<details class=\"wp-block-details is-layout-flow wp-block-details-is-layout-flow\"><summary><strong>Interventions dans les \u00e9tablissements accueillant des enfants au quotidien<\/strong><\/summary>\n<p class=\"wp-block-paragraph\">Les interventions CAP ont lieu directement dans les structures (\u00e9coles, CLAE, clubs de sport, associations de quartier, centres sociaux, etc.) accueillant des enfants de 6 \u00e0 12 ans.<\/p>\n\n\n\n<p class=\"wp-block-paragraph\">Ces interventions comprennent trois types d\u2019ateliers :<\/p>\n\n\n\n<ul class=\"wp-block-list\">\n<li>Un atelier avec les <strong>\u00e9quipes<\/strong><\/li>\n\n\n\n<li>Un atelier avec les <strong>familles \/ tuteur\u00b7trice\u00b7s<\/strong><\/li>\n\n\n\n<li>Des ateliers avec les <strong>enfants<\/strong> (en groupes ou en classes)<\/li>\n<\/ul>\n<\/details>\n\n\n\n<div style=\"height:36px\" aria-hidden=\"true\" class=\"wp-block-spacer\"><\/div>\n\n\n\n<figure class=\"wp-block-embed is-type-wp-embed is-provider-genially wp-block-embed-genially\"><div class=\"wp-block-embed__wrapper\">\n<iframe class=\"wp-embedded-content\" sandbox=\"allow-scripts\" security=\"restricted\" title=\"Cap d&#039;agir\" frameborder='0' width='1200' height='675' src='https:\/\/view.genially.com\/67584b322430c30458745646#?secret=rJeKh07lEd' data-secret='rJeKh07lEd' scrolling='yes'><\/iframe>\n<\/div><\/figure>\n\n\n\n<hr class=\"wp-block-separator has-alpha-channel-opacity\"\/>\n\n\n\n<p class=\"wp-block-paragraph\">\ud83d\udcec <strong>Que vous souhaitiez organiser une intervention ou en savoir plus, n\u2019h\u00e9sitez pas \u00e0 nous contacter !<\/strong><br>\ud83d\udce9 Par mail : <strong>[<a href=\"mailto:contact@capdagir.org\">contact@capdagir.org<\/a>]<\/strong><br>\ud83d\udcde Par t\u00e9l\u00e9phone (Lun-Mar-Mer-Ven 9-16:30) : <strong>[07 66 32 02 79]<\/strong> <\/p>\n\n\n\n<p class=\"wp-block-paragraph\"><\/p>\n","protected":false},"excerpt":{"rendered":"<p>Vous accompagnez des enfants au quotidien ? Vous travaillez dans un \u00e9tablissement scolaire, un centre de loisirs, une association ou un autre lieu de vie avec des enfants ? D\u00e9couvrez comment CAP d\u2019Agir peut intervenir aupr\u00e8s de votre structure CAP<\/p>\n","protected":false},"author":1,"featured_media":0,"parent":0,"menu_order":0,"comment_status":"closed","ping_status":"closed","template":"","meta":{"_crdt_document":"","footnotes":""},"class_list":["post-663","page","type-page","status-publish","hentry"],"_links":{"self":[{"href":"https:\/\/capdagir.org\/index.php\/wp-json\/wp\/v2\/pages\/663","targetHints":{"allow":["GET"]}}],"collection":[{"href":"https:\/\/capdagir.org\/index.php\/wp-json\/wp\/v2\/pages"}],"about":[{"href":"https:\/\/capdagir.org\/index.php\/wp-json\/wp\/v2\/types\/page"}],"author":[{"embeddable":true,"href":"https:\/\/capdagir.org\/index.php\/wp-json\/wp\/v2\/users\/1"}],"replies":[{"embeddable":true,"href":"https:\/\/capdagir.org\/index.php\/wp-json\/wp\/v2\/comments?post=663"}],"version-history":[{"count":36,"href":"https:\/\/capdagir.org\/index.php\/wp-json\/wp\/v2\/pages\/663\/revisions"}],"predecessor-version":[{"id":738,"href":"https:\/\/capdagir.org\/index.php\/wp-json\/wp\/v2\/pages\/663\/revisions\/738"}],"wp:attachment":[{"href":"https:\/\/capdagir.org\/index.php\/wp-json\/wp\/v2\/media?parent=663"}],"curies":[{"name":"wp","href":"https:\/\/api.w.org\/{rel}","templated":true}]}}